t 95 (base 11) to base 7.
206
Convert -46 (base 14) to base 7.
-116
99 (base 16) to base 5
1103
-7b (base 12) to base 9
-115
What is -11 (base 3) in base 16?
-4
What is 2 (base 8) in base 13?
2
Convert -12 (base 4) to base 11.
-6
What is 1011000 (base 2) in base 6?
224
Convert -1 (base 10) to base 5.
-1
What is 1 (base 13) in base 5?
1
What is 101 (base 2) in base 7?
5
What is 143 (base 5) in base 3?
1210
-103 (base 4) to base 11
-18
Convert -33 (base 5) to base 15.
-13
What is -4 (base 13) in base 14?
-4
Convert 89 (base 15) to base 6.
333
-4d (base 16) to base 10
-77
-78 (base 11) to base 8
-125
Convert c (base 15) to base 14.
c
Convert 246 (base 11) to base 15.
147
4 (base 6) to base 13
4
What is 110 (base 2) in base 15?
6
Convert -41 (base 16) to base 13.
-50
Convert -2 (base 16) to base 2.
-10
What is -11000 (base 2) in base 12?
-20
Convert 0 (base 16) to base 9.
0
Convert -153 (base 13) to base 9.
-283
5 (base 10) to base 11
5
What is -2111 (base 4) in base 9?
-175
What is 12 (base 8) in base 14?
a
31 (base 12) to base 5
122
What is 82 (base 16) in base 11?
109
3 (base 13) to base 8
3
-1110 (base 2) to base 4
-32
What is 35 (base 8) in base 7?
41
1000000 (base 2) to base 4
1000
Convert 52 (base 7) to base 9.
41
Convert -3 (base 12) to base 10.
-3
What is 111 (base 3) in base 9?
14
What is 19 (base 16) in base 4?
121
What is -101001 (base 2) in base 14?
-2d
Convert -14 (base 14) to base 12.
-16
-105 (base 9) to base 10
-86
-37 (base 11) to base 16
-28
-22 (base 3) to base 7
-11
What is -100 (base 2) in base 8?
-4
What is -2d (base 16) in base 11?
-41
Convert -40 (base 16) to base 12.
-54
Convert 35 (base 8) to base 3.
1002
What is 101 (base 6) in base 3?
1101
Convert -51 (base 8) to base 5.
-131
Convert 31 (base 5) to base 15.
11
What is 3a (base 15) in base 7?
106
What is -21 (base 4) in base 15?
-9
Convert 0 (base 6) to base 14.
0
-30 (base 5) to base 9
-16
5 (base 12) to base 10
5
What is 1 (base 9) in base 4?
1
Convert -13 (base 6) to base 14.
-9
2112 (base 3) to base 11
62
Convert -12 (base 14) to base 2.
-10000
4 (base 14) to base 12
4
What is -3 (base 6) in base 2?
-11
What is -15 (base 6) in base 11?
-10
What is 42 (base 6) in base 5?
101
Convert -100 (base 6) to base 14.
-28
Convert a (base 11) to base 15.
a
Convert 68 (base 12) to base 11.
73
What is -17 (base 14) in base 6?
-33
Convert 18 (base 13) to base 5.
41
231 (base 7) to base 4
1320
Convert 5 (base 6) to base 3.
12
10 (base 3) to base 5
3
43 (base 6) to base 11
25
What is 2 (base 10) in base 8?
2
-10b (base 13) to base 3
-20200
Convert -9c (base 14) to base 10.
-138
What is -83 (base 14) in base 3?
-11021
What is 72 (base 10) in base 5?
242
What is 1011 (base 2) in base 13?
b
Convert 2002 (base 3) to base 13.
44
Convert 63 (base 16) to base 14.
71
2 (base 10) to base 16
2
What is -111222 (base 3) in base 6?
-1425
What is -5 (base 8) in base 13?
-5
Convert 20 (base 11) to base 9.
24
53 (base 10) to base 13
41
Convert 6 (base 11) to base 5.
11
What is -1 (base 12) in base 2?
-1
Convert 3 (base 10) to base 6.
3
Convert -2 (base 11) to base 12.
-2
Convert -12 (base 14) to base 16.
-10
-2 (base 8) to base 14
-2
-2 (base 11) to base 10
-2
-30 (base 15) to base 2
-101101
-54 (base 6) to base 5
-114
What is 44 (base 13) in base 2?
111000
-102011 (base 3) to base 6
-1221
Convert 52 (base 6) to base 5.
112
What is -1 (base 2) in base 16?
-1
2 (base 11) to base 2
10
What is 1100 (base 2) in base 6?
20
-71 (base 12) to base 14
-61
Convert 5 (base 10) to base 6.
5
Convert -2 (base 13) to base 7.
-2
What is 13 (base 12) in base 9?
16
What is -52 (base 9) in base 13?
-38
-2 (base 16) to base 12
-2
What is -153 (base 9) in base 8?
-201
What is -11 (base 10) in base 15?
-b
What is 12 (base 11) in base 7?
16
What is 0 (base 2) in base 16?
0
What is 4 (base 5) in base 4?
10
-20 (base 7) to base 5
-24
-303 (base 5) to base 7
-141
What is 26 (base 15) in base 4?
210
What is 11 (base 7) in base 15?
8
What is 100 (base 2) in base 5?
4
What is 25 (base 13) in base 2?
11111
What is 18 (base 9) in base 12?
15
104 (base 12) to base 13
b5
What is 2 (base 10) in base 14?
2
What is 276 (base 9) in base 10?
231
0 (base 8) to base 5
0
What is -3 (base 5) in base 11?
-3
What is -d6 (base 15) in base 12?
-149
Convert 25 (base 14) to base 8.
41
Convert -28 (base 11) to base 9.
-33
-3 (base 12) to base 6
-3
Convert -b0 (base 12) to base 10.
-132
20 (base 6) to base 11
11
111 (base 2) to base 10
7
Convert 23 (base 14) to base 6.
51
-2 (base 14) to base 12
-2
d (base 15) to base 7
16
27 (base 11) to base 12
25
What is 11 (base 3) in base 11?
4
What is -13 (base 10) in base 16?
-d
Convert -1 (base 8) to base 2.
-1
Convert -69 (base 14) to base 16.
-5d
1 (base 11) to base 13
1
What is 84 (base 9) in base 10?
76
2 (base 13) to base 5
2
What is 7 (base 8) in base 9?
7
What is 20 (base 8) in base 3?
121
What is -37 (base 10) in base 16?
-25
7 (base 13) to base 11
7
What is -1155 (base 6) in base 2?
-100011111
What is -12 (base 4) in base 16?
-6
10 (base 5) to base 11
5
-6 (base 16) to base 7
-6
What is -2012 (base 4) in base 7?
-251
What is -1110011 (base 2) in base 13?
-8b
Convert 19 (base 16) to base 14.
1b
What is -6 (base 9) in base 12?
-6
-4 (base 13) to base 8
-4
103 (base 8) to base 6
151
What is -25 (base 16) in base 10?
-37
-1022 (base 3) to base 2
-100011
Convert 0 (base 10) to base 9.
0
1210 (base 4) to base 11
91
What is -6 (base 7) in base 14?
-6
Convert 101 (base 2) to base 8.
5
34 (base 13) to base 7
61
Convert -2 (base 3) to base 2.
-10
Convert 10 (base 2) to base 6.
2
Convert -11 (base 2) to base 16.
-3
What is 1d (base 15) in base 3?
1001
What is 3 (base 5) in base 10?
3
What is 3 (base 7) in base 14?
3
-9 (base 11) to base 13
-9
3 (base 7) to base 15
3
3a (base 13) to base 15
34
What is -63 (base 11) in base 10?
-69
What is a0 (base 11) in base 3?
11002
-5 (base 14) to base 8
-5
-1d (base 15) to base 8
-34
-26 (base 9) to base 6
-40
Convert -4 (base 13) to base 5.
-4
Convert 11 (base 8) to base 15.
9
1 (base 13) to base 16
1
What is -15 (base 8) in base 14?
-d
What is 2 (base 14) in base 16?
2
1000 (base 2) to base 4
20
What is 2 (base 7) in base 4?
2
Convert 4 (base 10) to base 7.
4
What is 50 (base 12) in base 14?
44
Convert 5 (base 10) to base 15.
5
Convert 11 (base 16) to base 5.
32
Convert -64 (base 11) to base 9.
-77
2 (base 10) to base 12
2
Convert 104 (base 7) to base 15.
38
Convert 2 (base 4) to base 2.
10
Convert -1 (base 15) to base 9.
-1
Convert b (base 16) to base 13.
b
What is 1111 (base 2) in base 6?
23
Convert 33 (base 10) to base 2.
100001
What is -2010 (base 4) in base 2?
-10000100
0 (base 9) to base 10
0
26 (base 11) to base 16
1c
What is 1 (base 6) in base 15?
1
8 (base 10) to base 11
8
-26 (base 10) to base 11
-24
Convert 1 (base 10) to base 2.
1
14 (base 10) to base 11
13
Convert 24 (base 14) to base 10.
32
Convert -10 (base 12) to base 7.
-15
What is -3 (base 11) in base 12?
-3
Convert -10 (base 5) to base 12.
-5
What is -12 (base 3) in base 7?
-5
-110110 (base 2) to base 4
-312
82 (base 15) to base 9
145
-11 (base 5) to base 3
-20
10 (base 2) to base 3
2
What is 6 (base 7) in base 8?
6
What is -70 (base 9) in base 4?
-333
What is 0 (base 10) in base 13?
0
Convert 1 (base 13) to base 2.
1
10100 (base 3) to base 14
66
Convert -6 (base 16) to base 14.
-6
What is -1002 (base 3) in base 15?
-1e
0 (base 10) to base 8
0
Convert 403 (base 8) to base 13.
16c
18 (base 10) to base 8
22
8 (base 13) to base 7
11
What is 121 (base 3) in base 8?
20
-274 (base 9) to base 13
-148
-5 (base 12) to base 10
-5
-3 (base 13) to base 2
-11
What is -1a (base 13) in base 15?
-18
Convert 1 (base 5) to base 2.
1
74 (base 8) to base 7
114
What is -2 (base 12) in base 5?
-2
What is -1303 (base 5) in base 2?
-11001011
Convert -121 (base 3) to base 13.
-13
Convert 0 (base 14) to base 8.
0
What is -5 (base 12) in base 2?
-101
Convert 1200 (base 3) to base 11.
41
Convert -1342 (base 5) to base 14.
-11c
Convert 0 (base 16) to base 5.
0
What is -74 (base 9) in base 15?
-47
What is -21 (base 14) in base 2?
-11101
What is -3 (base 6) in base 12?
-3
-334 (base 5) to base 6
-234
What is 14 (base 7) in base 15?
b
Convert 158 (base 10) to base 7.
314
Convert -2 (base 6) to base 14.
-2
1 (base 4) to base 10
